 of 593029?
9
What is the tens digit of 145246?
4
What is the tens digit of 22643031?
3
What is the tens digit of 545247?
4
What is the hundreds digit of 492892?
8
What is the ten thousands digit of 141431?
4
What is the ten thousands digit of 99492?
9
What is the hundred thousands digit of 383482?
3
What is the units digit of 523187?
7
What is the millions digit of 22348180?
2
What is the hundred thousands digit of 1748812?
7
What is the hundred thousands digit of 2165413?
1
What is the tens digit of 6310666?
6
What is the hundred thousands digit of 915944?
9
What is the units digit of 140145?
5
What is the hundreds digit of 4621451?
4
What is the hundred thousands digit of 303500?
3
What is the tens digit of 5988257?
5
What is the hundred thousands digit of 504236?
5
What is the ten thousands digit of 21235?
2
What is the thousands digit of 101358?
1
What is the units digit of 9492995?
5
What is the ten millions digit of 43501985?
4
What is the hundreds digit of 36411?
4
What is the tens digit of 303165?
6
What is the tens digit of 847431?
3
What is the ten thousands digit of 884243?
8
What is the thousands digit of 567868?
7
What is the ten thousands digit of 5595864?
9
What is the units digit of 225204?
4
What is the hundreds digit of 1032?
0
What is the thousands digit of 33225?
3
What is the hundred thousands digit of 4400964?
4
What is the hundred thousands digit of 1973992?
9
What is the units digit of 4170854?
4
What is the thousands digit of 245454?
5
What is the units digit of 525120?
0
What is the millions digit of 1483192?
1
What is the millions digit of 1591677?
1
What is the hundred thousands digit of 227940?
2
What is the hundred thousands digit of 811425?
8
What is the tens digit of 58282?
8
What is the units digit of 927012?
2
What is the ten thousands digit of 403389?
0
What is the millions digit of 2923887?
2
What is the hundred thousands digit of 577600?
5
What is the hundreds digit of 19182087?
0
What is the hundred thousands digit of 9922640?
9
What is the thousands digit of 165331?
5
What is the hundred thousands digit of 179873?
1
What is the hundreds digit of 304613?
6
What is the hundreds digit of 1154749?
7
What is the ten thousands digit of 5360709?
6
What is the tens digit of 95490?
9
What is the hundred thousands digit of 516338?
5
What is the tens digit of 740833?
3
What is the units digit of 59839?
9
What is the units digit of 2859342?
2
What is the thousands digit of 6107161?
7
What is the hundreds digit of 3477185?
1
What is the units digit of 3696559?
9
What is the tens digit of 52977?
7
What is the ten thousands digit of 522622?
2
What is the ten thousands digit of 6975197?
7
What is the thousands digit of 144110?
4
What is the hundred thousands digit of 6217685?
2
What is the hundreds digit of 275055?
0
What is the tens digit of 2053837?
3
What is the ten thousands digit of 110829?
1
What is the tens digit of 4747948?
4
What is the thousands digit of 518949?
8
What is the units digit of 3419908?
8
What is the tens digit of 1786048?
4
What is the ten millions digit of 19719123?
1
What is the thousands digit of 482142?
2
What is the tens digit of 224571?
7
What is the thousands digit of 13355449?
5
What is the hundred thousands digit of 10356924?
3
What is the tens digit of 780830?
3
What is the millions digit of 5512374?
5
What is the thousands digit of 2973263?
3
What is the hundred thousands digit of 4884768?
8
What is the hundred thousands digit of 2012420?
0
What is the tens digit of 4175810?
1
What is the units digit of 2075597?
7
What is the ten thousands digit of 4337495?
3
What is the hundreds digit of 947928?
9
What is the tens digit of 399741?
4
What is the tens digit of 13686879?
7
What is the tens digit of 40535831?
3
What is the hundreds digit of 325079?
0
What is the millions digit of 2358002?
2
What is the tens digit of 300800?
0
What is the hundred thousands digit of 1331210?
3
What is the millions digit of 1428636?
1
What is the hundreds digit of 330657?
6
What is the ten thousands digit of 675140?
7
What is the thousands digit of 4060747?
0
What is the ten thousands digit of 59498?
5
What is the ten thousands digit of 1197641?
9
What is the hundred thousands digit of 1387945?
3
What is the thousands digit of 4719132?
9
What is the ten millions digit of 32022161?
3
What is the thousands digit of 2440744?
0
What is the hundreds digit of 72650?
6
What is the thousands digit of 775276?
5
What is the ten thousands digit of 1847392?
4
What is the tens digit of 4737939?
3
What is the ten thousands digit of 35954?
3
What is the units digit of 711493?
3
What is the tens digit of 841262?
6
What is the tens digit of 1006619?
1
What is the tens digit of 5892807?
0
What is the tens digit of 374431?
3
What is the millions digit of 1742706?
1
What is the tens digit of 221814?
1
What is the millions digit of 19188963?
9
What is the thousands digit of 17561974?
1
What is the units digit of 96317?
7
What is the ten thousands digit of 443677?
4
What is the hundreds digit of 5722760?
7
What is the ten thousands digit of 682249?
8
What is the ten thousands digit of 556102?
5
What is the thousands digit of 16041805?
1
What is the hundreds digit of 24625410?
4
What is the hundreds digit of 229597?
5
What is the ten thousands digit of 2659608?
5
What is the ten thousands digit of 4889725?
8
What is the millions digit of 2642031?
2
What is the hundred thousands digit of 685383?
6
What is the hundred thousands digit of 3785326?
7
What is the ten thousands digit of 7925928?
2
What is the tens digit of 120675?
7
What is the tens digit of 923505?
0
What is the hundred thousands digit of 1250613?
2
What is the millions digit of 13587104?
3
What is the thousands digit of 137993?
7
What is the units digit of 2500804?
4
What is the thousands digit of 624953?
4
What is the hundred thousands digit of 694436?
6
What is the tens digit of 9073784?
8
What is the hundreds digit of 13477577?
5
What is the hundreds digit of 1031536?
5
What is the ten thousands digit of 7225902?
2
What is the ten thousands digit of 20824?
2
What is the tens digit of 2094096?
9
What is the hundreds digit of 7102807?
8
What is the millions digit of 14184862?
4
What is the tens digit of 28801?
0
What is the hundreds digit of 17055997?
9
What is the thousands digit of 420531?
0
What is the hundreds digit of 1076379?
3
What is the units digit of 1314381?
1
What is the ten thousands digit of 870639?
7
What is the thousands digit of 569278?
9
What is the tens digit of 199917?
1
What is the ten thousands digit of 772505?
7
What is the ten thousands digit of 196102?
9
What is the tens digit of 8210949?
4
What is the tens digit of 30418602?
0
What is the tens digit of 439705?
0
What is the hundreds digit of 363908?
9
What is the ten thousands digit of 6417899?
1
What is the tens digit of 960795?
9
What is the hundreds digit of 309813?
8
What is the hundreds digit of 3972539?
5
What is the thousands digit of 4540545?
0
What is the hundred thousands digit of 1520587?
5
What is the tens digit of 237119?
1
What is the thousands digit of 2454615?
4
What is the millions digit of 6053589?
6
What is the hundred thousands digit of 1289180?
2
What is the millions digit of 1145085?
1
What is the tens digit of 3419666?
6
What is the tens digit of 418360?
6
What is the millions digit of 3249915?
3
What is the thousands digit of 1412154?
2
What is the hundreds digit of 1996414?
4
What is the tens digit of 1667250?
5
What is the ten thousands digit of 455524?
5
What is the thousands digit of 1994820?
4
What is the tens digit of 352043?
4
What is the ten thousands digit of 16491696?
9
What is the thousands digit of 287550?
7
What is the tens digit of 2178911?
1
What is the hundred thousands digit of 219412?
2
What is the ten thousands digit of 149989?
4
What is the thousands digit of 5079795?
9
What is the hundred thousands digit of 3568937?
5
What is the hundreds digit of 239971?
9
What is the hundred thousands digit of 2643438?
6
What is the ten thousands digit of 1516503?
1
What is the ten thousands digit of 28517?
2
What is the millions digit of 11744150?
1
What is the ten thousands digit of 1153921?
5
What is the hundred thousands digit of 1774685?
7
What is the h